{"id":9188,"date":"2025-10-22T11:57:44","date_gmt":"2025-10-22T09:57:44","guid":{"rendered":"https:\/\/www.paroissesaintgilles.be\/?post_type=tribe_events&#038;p=9188"},"modified":"2025-10-22T12:05:13","modified_gmt":"2025-10-22T10:05:13","slug":"fete-de-la-saint-hunert-procession-et-messe-repas-paroissial","status":"publish","type":"tribe_events","link":"https:\/\/www.paroissesaintgilles.be\/?tribe_events=fete-de-la-saint-hunert-procession-et-messe-repas-paroissial","title":{"rendered":"f\u00eate de la Saint-Hunert procession et messe; repas paroissial"},"content":{"rendered":"<p>10h.Procession dans le quartier 10h. (+pains b\u00e9nits)<\/p>\n<p>messe \u00e0 l&rsquo;\u00e9glise de ST_hUBERT\u00a0 0 10h.30.<\/p>\n<p><strong>=&gt; ! PAS DE MESSE \u00e0 ST_GILLES!<\/strong><\/p>\n<p>&nbsp;<\/p>\n<p>en soir\u00e9e : repas paroissial; (20\u20ac;) inscription chez Marina.<\/p>\n","protected":false},"excerpt":{"rendered":"<p>10h.Procession dans le quartier 10h. (+pains b\u00e9nits) messe \u00e0 l&rsquo;\u00e9glise de ST_hUBERT\u00a0 0 10h.30. =&gt; ! PAS DE MESSE \u00e0 ST_GILLES! &nbsp; en soir\u00e9e : repas paroissial; (20\u20ac;) inscription chez &hellip; <\/p>\n<p class=\"link-more\"><a href=\"https:\/\/www.paroissesaintgilles.be\/?tribe_events=fete-de-la-saint-hunert-procession-et-messe-repas-paroissial\" class=\"more-link\">Continuer la lecture<span class=\"screen-reader-text\"> de &laquo;&nbsp;f\u00eate de la Saint-Hunert procession et messe; repas paroissial&nbsp;&raquo;<\/span><\/a><\/p>\n","protected":false},"author":1,"featured_media":0,"template":"","meta":{"_crdt_document":"","_tribe_events_status":"","_tribe_events_status_reason":"","footnotes":""},"tags":[],"tribe_events_cat":[],"class_list":["post-9188","tribe_events","type-tribe_events","status-publish","hentry"],"_links":{"self":[{"href":"https:\/\/www.paroissesaintgilles.be\/index.php?rest_route=\/wp\/v2\/tribe_events\/9188","targetHints":{"allow":["GET"]}}],"collection":[{"href":"https:\/\/www.paroissesaintgilles.be\/index.php?rest_route=\/wp\/v2\/tribe_events"}],"about":[{"href":"https:\/\/www.paroissesaintgilles.be\/index.php?rest_route=\/wp\/v2\/types\/tribe_events"}],"author":[{"embeddable":true,"href":"https:\/\/www.paroissesaintgilles.be\/index.php?rest_route=\/wp\/v2\/users\/1"}],"version-history":[{"count":3,"href":"https:\/\/www.paroissesaintgilles.be\/index.php?rest_route=\/wp\/v2\/tribe_events\/9188\/revisions"}],"predecessor-version":[{"id":9191,"href":"https:\/\/www.paroissesaintgilles.be\/index.php?rest_route=\/wp\/v2\/tribe_events\/9188\/revisions\/9191"}],"wp:attachment":[{"href":"https:\/\/www.paroissesaintgilles.be\/index.php?rest_route=%2Fwp%2Fv2%2Fmedia&parent=9188"}],"wp:term":[{"taxonomy":"post_tag","embeddable":true,"href":"https:\/\/www.paroissesaintgilles.be\/index.php?rest_route=%2Fwp%2Fv2%2Ftags&post=9188"},{"taxonomy":"tribe_events_cat","embeddable":true,"href":"https:\/\/www.paroissesaintgilles.be\/index.php?rest_route=%2Fwp%2Fv2%2Ftribe_events_cat&post=9188"}],"curies":[{"name":"wp","href":"https:\/\/api.w.org\/{rel}","templated":true}]}}

fête de la Saint-Hunert procession et messe; repas paroissial

<p>10h.Procession dans le quartier 10h. (+pains bénits)</p>
<p>messe à l&rsquo;église de ST_hUBERT  0 10h.30.</p>
<p><strong>=&gt; ! PAS DE MESSE à ST_GILLES!</strong></p>
<p>&nbsp;</p>
<p>en soirée : repas paroissial; (20€;) inscription chez Marina.</p>

<p>10h.Procession dans le quartier 10h. (+pains bénits) messe à l&rsquo;église de ST_hUBERT  0 10h.30. =&gt; ! PAS DE MESSE à ST_GILLES! &nbsp; en soirée : repas paroissial; (20€;) inscription chez &hellip; </p>
<p class="link-more"><a href="https://www.paroissesaintgilles.be/?tribe_events=fete-de-la-saint-hunert-procession-et-messe-repas-paroissial" class="more-link">Continuer la lecture<span class="screen-reader-text"> de &laquo;&nbsp;fête de la Saint-Hunert procession et messe; repas paroissial&nbsp;&raquo;</span></a></p>
