{"id":4256,"date":"2020-12-09T18:10:33","date_gmt":"2020-12-09T17:10:33","guid":{"rendered":"https:\/\/www.paroissesaintgilles.be\/?page_id=4256"},"modified":"2026-04-29T19:34:51","modified_gmt":"2026-04-29T17:34:51","slug":"moments-de-vie","status":"publish","type":"page","link":"https:\/\/www.paroissesaintgilles.be\/?page_id=4256","title":{"rendered":"d\u00e9c\u00e8s depuis ,j depuis anvier 2022) bapt\u00eames du dimanche (depuis  avril 2024"},"content":{"rendered":"<p>; c\u00e9l\u00e9bration le I<span style=\"color: #3366ff;\">LSONT<\/span><strong><span style=\"color: #3366ff;\"> ETE BAPTISES les DIMANCHES\u00a0 (\u00e0 partir d&rsquo;a2024)\u00a0 :<\/span><\/strong><\/p>\n<p><strong>Victoire LENOIR<\/strong>\u00a0 (22 juin 2025)<\/p>\n<p><strong>Mila ALDENHOFF<\/strong> 520 juillet 2025)<\/p>\n<p><strong>Nour BERLEMONT<\/strong> 517 ao\u00fbt 2025)<\/p>\n<p><strong>Isaac Luckings No\u00ebl<\/strong> (1\/06\/2025<\/p>\n<p>K<strong>hayden, Liam et Mathys KABONGO<\/strong> (07\/06\/2025<\/p>\n<p>Giulia <strong>GRACI<\/strong> a \u00e9t\u00e9 baptis\u00e9e le 15 d\u00e9cembre 2024.<\/p>\n<p>Ga\u00e9tano\u00a0 <strong>GUARNERI<\/strong>\u00a0 \u00a0 \u00a0 baptis\u00e9 le dimanche 24 novembre 2024.<\/p>\n<p>Julien <strong>FOGSSSIAN-VANDOGGET (<\/strong>dim. 29 septembre 2024?)<\/p>\n<p><strong>MILANDO_NEEMA<\/strong> Splendeur Alexandra (dimanche 23 juin 2024)<\/p>\n<p><strong>SOTTIAUX <\/strong>Artur et Victor<\/p>\n<p><strong>\u00a0SERET <\/strong>Olivia, <strong>VANCOLEN<\/strong> Archibald et <strong>BALTAZAR<\/strong> Louis en juin 2024.<\/p>\n<p><span style=\"color: #000000;\">Salvatore Diego <strong>BRANCATO<\/strong> (dimanche 21\/04\/202<\/span><\/p>\n<p>Roman <strong>LINO VEGA\u00a0<\/strong> (dimanche 28\/04\/2024);<\/p>\n<p>Paololo<strong>\u00a0LOMBARDO<\/strong> (Dim 4\/05\/2024).<\/p>\n<p>Alba <strong>LOMBARDO\u00a0\u00a0<\/strong><\/p>\n<p>Lou-Mirela <strong>BETSI<\/strong><\/p>\n<p>Gaetano <strong>GUARNERI<\/strong><\/p>\n<p>&nbsp;<\/p>\n<p>&nbsp;<\/p>\n<h2><span style=\"color: #0000ff;\">I<strong>LS ONT REJOINT LE P\u00c8RE, POUR UN BONHEUR ETERNEL (\u00e0<\/strong><\/span><span style=\"color: #0000ff;\"><strong>partir de 2022)<\/strong>:<\/span><\/h2>\n<p>Pierre <strong>RASSEL\u00a0<\/strong> (le beau-p\u00e8re de Claire Chauss\u00e9e, d\u00e9c\u00e9d\u00e9 le 27 avril 2026;\u00a0 \u00e0 l&rsquo;\u00e2ge de 95 ans;\u00a0 obs\u00e8ques auront l:ieu lundi 4 mai \u00e0 10h. Glons.<\/p>\n<p>&nbsp;<\/p>\n<p>Monsieur le cur\u00e9\u00a0 \u00a0de ND des Lumi\u00e8res (Glain)\u00a0 J<strong>ean-Pol<\/strong> <strong>VERMEIREN\u00a0<\/strong><\/p>\n<p>les fun\u00e9railles ont eu lieu le mardi 25 avril; Il est inhum\u00e9 au cimeti\u00e8re de Montegn\u00e9e.<\/p>\n<p><strong>PAUWEWEN\u00a0<\/strong> <strong>Evelyne<\/strong>, n\u00e9e le 25 avril\u00a0 \u00e9c\u00e9d\u00e9e le27 avril 2026;\u00a0 \u00e0 l&rsquo;\u00e2ge de 64 ansLes\u00a0 fun\u00e9railles auront lieu le jeudi 30 avril \u00e0 l&rsquo;\u00e9glise St Gilles, 10h., puis inhumation au cimeti\u00e8re qsG inhumation au cimeti\u00e8re de sGilles; r\u00e9union au fun\u00e9rarium\u00a0 (place &lt;saint=icolas) Simon\u00a0 (place &lt;saintNicolas \u00e0 9h.45 .<\/p>\n<p>&nbsp;<\/p>\n<p>avril\u00a0 avril avril\u00a0 aMathieu <strong>THONNAR<\/strong> de la rue du Snapeux;\u00a0 n\u00e9 en 1928 \u00e0 Saint-Nicolas; d\u00e9c\u00e9d\u00e9 \u00e0 Li\u00e8ge le 12 mars 2026 2026.<\/p>\n<p style=\"text-align: center;\">d; fun\u00e9railles le jeudi \u00e9; fu;un\u00e9railles jeudi n\u00e9railles \u00e0 Saint-Gilles;\u00a0 , ne\u00a0 le d\u00e9c\u00e9d\u00e9\u00a0 samedi\u00a0 \u00e0 funfun\u00e9raillescesamedi 21\/03 \u00e0 10h.30 \u00e0 l&rsquo;\u00e9glise Saint-Gilles &#8211; C avril our inhumation au cimeti\u00e8re de Saint-Gilles.<\/p>\n<p><strong>Lucezia MANCINI, <\/strong>veuve de Pa<strong>asquale COSENTINO<\/strong> n\u00e9e<span data-huuid=\"9291414195158073985\">\u00a0le 6 juin 1934 \u00e0 Castellan<a href=\"http:\/\/www.paroissesaintgilles.be\/wp-content\/uploads\/2025\/10\/lucrecia-cosentino-1-scaled-e1760290812314.jpg\"><img loading=\"lazy\" decoding=\"async\" class=\"alignleft wp-image-9158 size-thumbnail\" src=\"http:\/\/www.paroissesaintgilles.be\/wp-content\/uploads\/2025\/10\/lucrecia-cosentino-1-scaled-e1760290812314-150x150.jpg\" alt=\"\" width=\"150\" height=\"150\" \/><\/a>a Grotte, en Italie, edomicili\u00e9e \u00e0 Saint-Nicolas. <\/span><span data-huuid=\"9291414195158076016\"><mark class=\"QVRyCf\">d\u00e9c\u00e9d\u00e9e le 28 septembre 2025 \u00e0 Saint-Nicolas (Belgique) \u00e0 l&rsquo;\u00e2ge de 91 ans.\u00a0 Les fun\u00e9railles ont \u00e9t\u00e9 c\u00e9l\u00e9br\u00e9es\u00e0 St-Gilles le 7 octobre. ; <\/mark><\/span><span data-huuid=\"9291414195158076016\"><mark class=\"QVRyCf\">Elle a \u00e9t\u00e9 inhum\u00e9e au cimeti\u00e8re de\u00a0 Saint-Nicolas<\/mark><\/span><\/p>\n<p>&nbsp;<\/p>\n<p><strong>Beno\u00eet GOFFIN<\/strong> (71 ans), \u00e9pou de A.MABON.Les fun\u00e9railles ont \u00e9t\u00e9 c\u00e9l\u00e9br\u00e9es le 03\/06\/2025<\/p>\n<p><strong>Pauline<\/strong> <strong>GUFIKISA MANUNGA<\/strong> Ses fun\u00e9railles ont \u00e9t\u00e9 c\u00e9l\u00e9br\u00e9es le 31 mai2025.<\/p>\n<p><strong>Ramond HARTMAN <\/strong>(bd Ste-Beuve, d\u00e9c\u00e9d\u00e9 le 1er mars 2025:L&rsquo;inhumation au cimeti\u00e8re de St-Gilles au cimeti\u00e8re de St-Gilles a eu lieu le 8 mars 2025.<\/p>\n<p><strong>Enrico MUCELLI,<\/strong> d\u00e9c\u00e9d\u00e9 le 3 mars 2025 )\u00e0 l&rsquo;\u00e2ge de 78 ans;\u00a0 Ses fun\u00e9railles ont \u00e9t\u00e9 c\u00e9l\u00e9br\u00e9es le 7 mars 2025<\/p>\n<p><strong>Philippe<\/strong> <strong>VENTO\u00a0<\/strong> d\u00e9c\u00e9d\u00e9 le 4 janvier \u00e0 76 ans;\u00a0 Ses fun\u00e9railles ont\u00a0 \u00e9t\u00e9 c\u00e9l\u00e9br\u00e9es le 11 janvier 2025.<\/p>\n<p><strong>NO\u00caL<\/strong> <strong>Claire<\/strong>, d\u00e9c\u00e9d\u00e9e le 7 septembre 2024, \u00e0 74 ans; Ses fun\u00e9railles ont \u00e9t\u00e9 c\u00e9l\u00e9br\u00e9es le 11.<\/p>\n<p><strong>ZINNEN<\/strong> M<strong>imi (<\/strong>Marie Jeanne) (91 ans), d\u00e9c\u00e9d\u00e9e le 10 juillet;\u00a0 Les fun\u00e9railles ont \u00e9t\u00e9 c\u00e9l\u00e9br\u00e9es \u00e0 Herve.<\/p>\n<p><strong>PAUWELS Maria<\/strong> (89 ans), Les fun\u00e9railles ont \u00e9t\u00e9 c\u00e9l\u00e9br\u00e9es le 8 juillet 2024.<\/p>\n<p><strong>FOULON Monique<\/strong>(90 ans)\u00a0 Les fun\u00e9railles ont \u00e9t\u00e9 c\u00e9l\u00e9br\u00e9es le mardi 2 juillet 2024)).\u00a0 2024.<\/p>\n<p><strong>PANE<\/strong> P<strong>uiga ,<\/strong> (67 ans),\u00a0 veuve de V. Pizzuto;\u00a0 es fun\u00e9railles ont \u00e9t\u00e9 c\u00e9l\u00e9br\u00e9es le 19 juin 2024.<\/p>\n<p><strong>p\u00e8re Ren\u00e9 KANDE<\/strong>, (67 ans), du dioc\u00e8se de Kananga en RDC; .\u00a0 Le p\u00e8re Ren\u00e9 \u00e9tait le fr\u00e8re de Martin<strong> BAKOLE.<\/strong><\/p>\n<p><strong>Jos\u00e9 RAMOUL<\/strong> (97 ans), \u00e9poux de V. <strong>AGOZINO <\/strong>es fun\u00e9railles ont \u00e9t\u00e9 c\u00e9l\u00e9br\u00e9es le lundi 19 f\u00e9vrier 2024.<\/p>\n<p><strong>Emma GRANVILLE,\u00a0<\/strong> maman de m. Thierry Jacquemin), d\u00e9c\u00e9d\u00e9e le 15 janvier 2024 \u00e0 l&rsquo;\u00e2ge de 93 ans.\u00a0 \u00a0Ses fun\u00e9railles seront c\u00e9l\u00e9br\u00e9es vendredi 19\/01 \u00e0 9h.30 \u00e0 l&rsquo;\u00e9glise Saint-Gilles, avant l&rsquo;inhumation dans le caveau familial , au cimeti\u00e8re paroissial;<\/p>\n<p><strong>Gaudence NYUIIRUHANGO<\/strong> d\u00e9c\u00e9d\u00e9e le 31 d\u00e9cembre 2023 \u00e0 88 ans;\u00a0 ses fun\u00e9railles ont \u00e9t\u00e9 c\u00e9l\u00e9br\u00e9es le 11 janvier 2024.<\/p>\n<p>mme <strong>Annette BRANDT<\/strong> (91 ans), du bd Ste Beuve;\u00a0 Une messe d&rsquo;action de gr\u00e2ces sera c\u00e9l\u00e9br\u00e9e\u00a0 \u00e0 la chapelle des clo\u00eetres de la basilique St-Martin le samedi 16 d\u00e9cembre \u00e0 10h.<\/p>\n<p>mme <strong>Christine LEGROS<\/strong>, (80 ans); Ses fun\u00e9railles ont \u00e9t\u00e9 c\u00e9l\u00e9br\u00e9es le 6 novembre 2023.<\/p>\n<p><strong>Denise LAMBERT ,<\/strong> \u00e9pouse de Roger Demeuse; les fun\u00e9railles ont \u00e9t\u00e9 c\u00e9l\u00e9br\u00e9es \u00e0 St-Gilles le 20 novembre 2023.<\/p>\n<p><strong>Jacob WONNER<\/strong> Ses fun\u00e9railles ont \u00e9t\u00e9 c\u00e9l\u00e9br\u00e9es le 26 septembre 2023<\/p>\n<p><strong>UBERINTWARI<\/strong>, d\u00e9c\u00e9d\u00e9 \u00e0 l&rsquo;\u00e2ge de 55 ans; ses fun\u00e9railles ont \u00e9t\u00e9 c\u00e9l\u00e9br\u00e9es le 16 septembre 2023.<\/p>\n<p><strong>St\u00e9phane TART,<\/strong> veuve<strong> WEBER<\/strong>, d\u00e9c\u00e9d\u00e9e le lundi 5 juin 2023 \u00e0 l&rsquo;\u00e2ge de 91 ans.. a\u00e0 la maison de repos du ch\u00e2teau d&rsquo;Awans.<\/p>\n<p><strong>p\u00e8re Joseph <i>TOUSSAINT, <\/i><\/strong>\u00a0dB de la communaut\u00e9 sal\u00e9sienne de SFS, d\u00e9c\u00e9d\u00e9 le le 16 mai 2023 \u00e0 91 ans.<\/p>\n<p><strong>Jean -Marie RISACK,<\/strong> \u00e9poux de Bernadette Poes, d\u00e9c\u00e9d\u00e9 le 4 mai 2023 \u00e0 79 ans;<\/p>\n<p>Les fun\u00e9railles ont \u00e9t\u00e9 c\u00e9l\u00e9br\u00e9es le 6 janvier 2023.<\/p>\n<p><strong>Paul TRINON<\/strong> d\u00e9c\u00e9d\u00e9 le 2 janvier\u00a0 2023 \u00e0 75 ans \u00e9poux de Marie-Th\u00e9r\u00e8se Bustin.<\/p>\n<p><strong>Mr Louis GELADI<\/strong> d\u00e9c\u00e9d\u00e9 le 7 d\u00e9cembre (74 ans) \u00e9poux de Margareth Alsirdar Brown.es fun\u00e9railles ont \u00e9t\u00e9 c\u00e9l\u00e9br\u00e9es le 12 d\u00e9cembre 2022.<\/p>\n<p><strong style=\"font-size: 1rem;\">Mme Vincenza PANE<\/strong><span style=\"font-size: 1rem;\"> d\u00e9c\u00e9d\u00e9e le 14 juin2022 (90 ans), veuve de Giuseppe Strazzeri<\/span><\/p>\n<p>Ses fun\u00e9railles seront c\u00e9l\u00e9br\u00e9es le 10 mai 2023\u00a0 \u00e0 SFS \u00e0\u00a0 9h.<\/p>\n<p><strong>Martina MILAKAR,<\/strong> d\u00e9c\u00e9d\u00e9e le 27 avril 2023;\u00a0 Ses fun\u00e9railles ont \u00e9t\u00e9 c\u00e9l\u00e9br\u00e9es le 3 mai 2023.<\/p>\n<p><strong>Michela BONSIGNORE<\/strong> d\u00e9c\u00e9d\u00e9e le 3 avril \u00e0 83 ans, veuve de Gino Lombardo.<\/p>\n<p><strong>Emile GILLIARD<\/strong> d\u00e9c\u00e9d\u00e9 le 23\/03\/2023 (95 ans)<br \/>\nLes fun\u00e9railles seront c\u00e9l\u00e9br\u00e9es le 29 mars 2023 \u00e0 11h.<\/p>\n<p><strong>Pascale VALERIANI,<\/strong> d\u00e9c\u00e9d\u00e9 le 12 janvier\u00a0 2023 \u00e0 l&rsquo;\u00e2ge de 76 ans; Ses fun\u00e9raills ont \u00e9t\u00e9 c\u00e9l\u00e9br\u00e9es le 18 janvier. 2023<\/p>\n<p><strong>Mr Alfred MARTIAL<\/strong> d\u00e9c\u00e9d\u00e9 le 30 d\u00e9cembre 2022 (86 ans) \u00e9poux de Christiane Fauconier.\u00a0 Les fun\u00e9railles ont \u00e9t\u00e9 c\u00e9l\u00e9br\u00e9es le 5 janvier 2023.<\/p>\n<p><strong>Mr Jean-Marie DEGUEE<\/strong> d\u00e9c\u00e9d\u00e9 le 28 octobre (83 ans), \u00e9poux de Josiane Wilderjans.<br \/>\nLes fun\u00e9railles ont \u00e9t\u00e9 c\u00e9l\u00e9br\u00e9es le vendredi 4 novembre 2022.<\/p>\n<p>&nbsp;<\/p>\n<p>Mme<strong> Danielle STEINWEG<\/strong> d\u00e9c\u00e9d\u00e9e le 25 octobre (68 ans), veuve de Paolo Calabrese.<br \/>\nLes fun\u00e9railles ont \u00e9t\u00e9 c\u00e9l\u00e9br\u00e9es le vendredi 28 octobre 2022.<\/p>\n<p><strong>me LIOTTA.<\/strong> Les fun\u00e9railles ont<span style=\"font-size: 1rem;\"> \u00e9t\u00e9 c\u00e9l\u00e9br\u00e9es le 19 aout 202.<\/span><\/p>\n<p>&nbsp;<\/p>\n<p><strong>Mme ZANDONA<\/strong>. Les fun\u00e9railles ont \u00e9t\u00e9 c\u00e9l\u00e9br\u00e9es d\u00e9but aout 2022<\/p>\n<p>&nbsp;<\/p>\n<p><strong>Danielle STEINWEG,<\/strong> , d\u00e9c\u00e9d\u00e9e le 25 octobre 2022; veuve de Paolo Calabrese, d\u00e9c\u00e9d\u00e9e le 25 octobre 2022;\u00a0 les fun\u00e9railles ont \u00e9t\u00e9 c\u00e9l\u00e9br\u00e9es le 25\/10.<\/p>\n<p><strong>Jean-Marie DEGUEE<\/strong>,d\u00e9c\u00e9d\u00e9 le 28 octobre, \u00e9poux de J. <em>i<strong>VERJANS<\/strong>\u00a0 Les F<\/em>un\u00e9raillesont \u00e9t\u00e9 c\u00e9l\u00e9br\u00e9es le c\u00e9l\u00e9br\u00e9es le 4 novembre 2022.<\/p>\n<p>Mme<strong> Danielle STEINWEG<\/strong> d\u00e9c\u00e9d\u00e9e le 25 octobre (68 ans), veuve de Paolo Calabrese.<br \/>\nLes fun\u00e9railles ont \u00e9t\u00e9 c\u00e9l\u00e9br\u00e9es le vendredi 28 octobre 2022.<\/p>\n<p><strong>Mme D. BLANDINA<\/strong>. Les fun\u00e9railles ont \u00e9t\u00e9 c\u00e9l\u00e9br\u00e9es 21 septembre 2022<\/p>\n<p><strong>Mme LIOTTA. <\/strong>Les fun\u00e9railles ont \u00e9t\u00e9 c\u00e9l\u00e9br\u00e9es le 19 aout 2022.<\/p>\n<p>Les fun\u00e9railles ont \u00e9t\u00e9 c\u00e9l\u00e9br\u00e9es le vendredi 26 aout 2022.<\/p>\n<p><strong>Mr Jean CHAUSEE<\/strong> d\u00e9c\u00e9d\u00e9 le 11 aout (85 ans).<br \/>\nLes fun\u00e9railles ont \u00e9t\u00e9 c\u00e9l\u00e9br\u00e9es le vendredi 26 aout 2022.<\/p>\n<p>&nbsp;<\/p>\n<p><strong>Mme ZANDONA.<\/strong> Les fun\u00e9railles ont \u00e9t\u00e9 c\u00e9l\u00e9br\u00e9es d\u00e9but aout 2022<\/p>\n<p>&nbsp;<\/p>\n<p><strong>Mme PATTA<\/strong>. Les fun\u00e9railles ont \u00e9t\u00e9 c\u00e9l\u00e9br\u00e9es d\u00e9but juillet 2022<\/p>\n<p><strong>Mme Vincenza PANE<\/strong> d\u00e9c\u00e9d\u00e9e le 14 juin (90 ans), veuve de Giuseppe Strazzeri.<br \/>\nLes fun\u00e9railles ont \u00e9t\u00e9 c\u00e9l\u00e9br\u00e9es le vendredi 17 juin 2022.<\/p>\n<p>&nbsp;<\/p>\n<p><strong>Mr Carmine DELLI GATTI<\/strong>, d\u00e9c\u00e9d\u00e9 le 23 avril (93 ans), \u00e9poux de Flaviano Antonetta.<br \/>\nLes fun\u00e9railles\u00a0 avril, ont \u00e9t\u00e9 c\u00e9l\u00e9br\u00e9es le vendredi 29 avril 2022h \u00e0 l&rsquo;\u00e9glise S<strong>Daniel CUYPERS<\/strong>,\u00a0 \u00e9poux de Georgette Ledent;\u00a0 \u00a0 d\u00e9c\u00e9d\u00e9 le 12\/04\/2022 \u00e0 75 ans ans, ; fun\u00e9railles\u00a0 le 07\/04. st Gilles.<\/p>\n<p>&nbsp;<\/p>\n<p><strong>Mr Michel BRUNO<\/strong> (82 ans) \u00e9poux de Murielle Godran.<br \/>\nLes fun\u00e9railles ont \u00e9t\u00e9 c\u00e9l\u00e9br\u00e9es le lundi 14 mars 2022<\/p>\n<p>&nbsp;<\/p>\n<p><strong>Mme LOFORTE<\/strong> d\u00e9c\u00e9d\u00e9e le 11 f\u00e9vrier (85 ans) \u00e9pouse de Guiseppe BiondolilloLes fun\u00e9railles ont \u00e9t\u00e9 c\u00e9l\u00e9br\u00e9es le mardi 15 f\u00e9vrier 2022.<\/p>\n<p><strong>Mr Miklos HOSSZU<\/strong> d\u00e9c\u00e9d\u00e9 le 23 janvier (71 ans) \u00e9poux de Juliana Feher<br \/>\nLes fun\u00e9railles ont \u00e9t\u00e9 c\u00e9l\u00e9br\u00e9es le samedi 29 janvier 2022.<\/p>\n<p>&nbsp;<\/p>\n<p><span style=\"color: #0000ff;\"><strong>MARIAGES annonc\u00e9s :<\/strong><\/span><\/p>\n<p>Alexandre Guarneri et Ana\u00efs Lambotte 28 juin \u00e0 14h.<\/p>\n<p>Jonathan LO PRESTI, et B\u00e9n\u00e9dicte MASSON, 28 juin \u00e0 15h.30.<\/p>\n<p>&nbsp;<\/p>\n<p>&nbsp;<\/p>\n<p>avril<\/p>\n","protected":false},"excerpt":{"rendered":"<p>; c\u00e9l\u00e9bration le ILSONT ETE BAPTISES les DIMANCHES\u00a0 (\u00e0 partir d&rsquo;a2024)\u00a0 : Victoire LENOIR\u00a0 (22 juin 2025) Mila ALDENHOFF 520 juillet 2025) Nour BERLEMONT 517 ao\u00fbt 2025) Isaac Luckings No\u00ebl &hellip; <\/p>\n<p class=\"link-more\"><a href=\"https:\/\/www.paroissesaintgilles.be\/?page_id=4256\" class=\"more-link\">Continuer la lecture<span class=\"screen-reader-text\"> de &laquo;&nbsp;d\u00e9c\u00e8s depuis ,j depuis anvier 2022) bapt\u00eames du dimanche (depuis  avril 2024&nbsp;&raquo;<\/span><\/a><\/p>\n","protected":false},"author":1,"featured_media":0,"parent":0,"menu_order":0,"comment_status":"closed","ping_status":"closed","template":"","meta":{"_crdt_document":"","footnotes":""},"class_list":["post-4256","page","type-page","status-publish","hentry"],"_links":{"self":[{"href":"https:\/\/www.paroissesaintgilles.be\/index.php?rest_route=\/wp\/v2\/pages\/4256","targetHints":{"allow":["GET"]}}],"collection":[{"href":"https:\/\/www.paroissesaintgilles.be\/index.php?rest_route=\/wp\/v2\/pages"}],"about":[{"href":"https:\/\/www.paroissesaintgilles.be\/index.php?rest_route=\/wp\/v2\/types\/page"}],"author":[{"embeddable":true,"href":"https:\/\/www.paroissesaintgilles.be\/index.php?rest_route=\/wp\/v2\/users\/1"}],"replies":[{"embeddable":true,"href":"https:\/\/www.paroissesaintgilles.be\/index.php?rest_route=%2Fwp%2Fv2%2Fcomments&post=4256"}],"version-history":[{"count":93,"href":"https:\/\/www.paroissesaintgilles.be\/index.php?rest_route=\/wp\/v2\/pages\/4256\/revisions"}],"predecessor-version":[{"id":9810,"href":"https:\/\/www.paroissesaintgilles.be\/index.php?rest_route=\/wp\/v2\/pages\/4256\/revisions\/9810"}],"wp:attachment":[{"href":"https:\/\/www.paroissesaintgilles.be\/index.php?rest_route=%2Fwp%2Fv2%2Fmedia&parent=4256"}],"curies":[{"name":"wp","href":"https:\/\/api.w.org\/{rel}","templated":true}]}}