{"id":17,"date":"2014-08-29T08:27:25","date_gmt":"2014-08-29T08:27:25","guid":{"rendered":"http:\/\/paroissesaintgilles.be\/?page_id=17"},"modified":"2025-12-22T10:59:59","modified_gmt":"2025-12-22T09:59:59","slug":"contacts","status":"publish","type":"page","link":"https:\/\/www.paroissesaintgilles.be\/?page_id=17","title":{"rendered":"CONTACTS"},"content":{"rendered":"<p><strong>M. le cur\u00e9 ( l&rsquo;UP): p\u00e8re Philippe DELAUME : <\/strong>04\/226 45 68 up.liegehauteurs@gmail.com up.liegehauteurs@gmail.com<\/p>\n<p><strong>assistante paroissiale:<\/strong> Saveria DI TAPANI:\u00a0 0471\/95 3193<\/p>\n<p><strong>Monsieur le vicaire<\/strong>: m. l&rsquo;abb\u00e9 <strong>Pierre Yves DELFANNE<\/strong> : 0456\/95.17 16.<\/p>\n<p>delfanne.pierreyves@gmail.com<\/p>\n<p><strong>Conseil paroissial :<\/strong> Philippe LEBLANC : 0499\/33 6529 leblanclegrand@gmail.com<\/p>\n<h1><strong>P<\/strong>our la Fabrique d\u2019\u00e9glise :<\/h1>\n<p><strong>pr\u00e9sident<\/strong> : Thierry Jacquemin, rue du Snapeux, 123, 4000 Li\u00e8ge.;<\/p>\n<p>04\/2522083\u00a0 thierry_jacquemin@hotmail.com<\/p>\n<p style=\"text-align: left;\"><strong>secr\u00e9taire<\/strong> Ma\u00eblle La Matina : Lamattina Maelle@outlook.be<\/p>\n<p>&nbsp;<\/p>\n<p><strong>visites guid\u00e9es, histoire ET SITE<\/strong> : C<a href=\".paroissesaintgilles.be\/?page_id=17\" target=\"_blank\" rel=\"noopener\">laire Chauss\u00e9e. chausseerassel@aol.com 0478\/1901 01 04\u00b58\/19 01 04<\/a><\/p>\n<p>chausseerassel@aol.com<\/p>\n<h1>cat\u00e9ch\u00e8se<\/h1>\n<p><strong>\u00a0coordination : infos g\u00e9n\u00e9rales : <\/strong>Claire CHAUSS\u00c9E : 0478\/19 01 04\u00a0 rueTilleur de 68, 4420, St-Nicolas.\u00a0 \u00a0 \u00a0 \u00a0 \u00a0 \u00a0 \u00a0 \u00a0 \u00a0 \u00a0 \u00a0 \u00a0 \u00a0 \u00a0 \u00a0 \u00a0 \u00a0 \u00a0 \u00a0 \u00a0 \u00a0 \u00a0 \u00a0 \u00a0 \u00a0 \u00a0 \u00a0 \u00a0 \u00a0 \u00a0 \u00a0 \u00a0 \u00a0 \u00a0 \u00a0 \u00a0 \u00a0 \u00a0 \u00a0 \u00a0 \u00a0 \u00a0 \u00a0 \u00a0 \u00a0 \u00a0 \u00a0 \u00a0 \u00a0 \u00a0 chausseerassel@aol.com<\/p>\n<p><strong>Bapt\u00eame des petits enfants<\/strong> :\u00a0 Anne GRAETZ : 0475\/81 06 79:\u00a0 a.graetz136@outlook.com<\/p>\n<p><strong>Premi\u00e8res communions (et bapt\u00eames en \u00e2ge scolaire (\u00e0 l&rsquo;\u00e9cole primaire)<\/strong> :\u00a0 M. le cur\u00e9 ou Speciose MAHUMUZA: 0494\/4 058 24<\/p>\n<p>&nbsp;<\/p>\n<p><strong>Pour l\u2019\u00e9cole Saint-S\u00e9bastien<\/strong> :, DIRECTION : m. P. CHOOFS. 04\/252 5667<\/p>\n<p><strong>Pour l\u2019unit\u00e9 scoute :<\/strong> Sophie SPERANZA : 0496\/25 74 21<\/p>\n<p>Benjamin PARMENTIER : lrg01saintgilles@gmail.com<\/p>\n<p>&nbsp;<\/p>\n","protected":false},"excerpt":{"rendered":"<p>M. le cur\u00e9 ( l&rsquo;UP): p\u00e8re Philippe DELAUME : 04\/226 45 68 up.liegehauteurs@gmail.com up.liegehauteurs@gmail.com assistante paroissiale: Saveria DI TAPANI:\u00a0 0471\/95 3193 Monsieur le vicaire: m. l&rsquo;abb\u00e9 Pierre Yves DELFANNE : &hellip; <\/p>\n<p class=\"link-more\"><a href=\"https:\/\/www.paroissesaintgilles.be\/?page_id=17\" class=\"more-link\">Continuer la lecture<span class=\"screen-reader-text\"> de &laquo;&nbsp;CONTACTS&nbsp;&raquo;<\/span><\/a><\/p>\n","protected":false},"author":1,"featured_media":0,"parent":0,"menu_order":0,"comment_status":"closed","ping_status":"closed","template":"","meta":{"_crdt_document":"","footnotes":""},"class_list":["post-17","page","type-page","status-publish","hentry"],"_links":{"self":[{"href":"https:\/\/www.paroissesaintgilles.be\/index.php?rest_route=\/wp\/v2\/pages\/17","targetHints":{"allow":["GET"]}}],"collection":[{"href":"https:\/\/www.paroissesaintgilles.be\/index.php?rest_route=\/wp\/v2\/pages"}],"about":[{"href":"https:\/\/www.paroissesaintgilles.be\/index.php?rest_route=\/wp\/v2\/types\/page"}],"author":[{"embeddable":true,"href":"https:\/\/www.paroissesaintgilles.be\/index.php?rest_route=\/wp\/v2\/users\/1"}],"replies":[{"embeddable":true,"href":"https:\/\/www.paroissesaintgilles.be\/index.php?rest_route=%2Fwp%2Fv2%2Fcomments&post=17"}],"version-history":[{"count":88,"href":"https:\/\/www.paroissesaintgilles.be\/index.php?rest_route=\/wp\/v2\/pages\/17\/revisions"}],"predecessor-version":[{"id":9408,"href":"https:\/\/www.paroissesaintgilles.be\/index.php?rest_route=\/wp\/v2\/pages\/17\/revisions\/9408"}],"wp:attachment":[{"href":"https:\/\/www.paroissesaintgilles.be\/index.php?rest_route=%2Fwp%2Fv2%2Fmedia&parent=17"}],"curies":[{"name":"wp","href":"https:\/\/api.w.org\/{rel}","templated":true}]}}